{"id":3354,"date":"2014-03-28T08:34:15","date_gmt":"2014-03-28T07:34:15","guid":{"rendered":"http:\/\/www.locationencorse.eu\/blog\/?page_id=3354"},"modified":"2021-01-11T21:56:45","modified_gmt":"2021-01-11T20:56:45","slug":"chant-corse-vie-en-chanson","status":"publish","type":"page","link":"https:\/\/www.locationencorse.eu\/blog\/chant-corse-vie-en-chanson\/","title":{"rendered":"Le chant Corse : la vie en chanson"},"content":{"rendered":"<p><span style=\"color: #000000; font-family: Calibri; font-size: medium;\">Il y a dans cette \u00eele un amour des mots et des notes, dont l\u2019origine nous \u00e9chappe, mais qui perdure depuis des temps imm\u00e9moriaux. Il y a dans ce peuple une familiarit\u00e9 ancestrale avec la musicalit\u00e9 de la po\u00e9sie, Il y a un gout pour les choses bien dites. Les Corses ont d\u00e9velopp\u00e9 un \u00e9tonnant sens du rythme, que la musique est, ensuite venue porter tout naturellement, le chant Corse.<\/span><\/p>\n<p><span style=\"color: #000000; font-family: Calibri; font-size: medium;\">Il faut dire que l\u2018\u00e9ducation po\u00e9tique commen\u00e7ait d\u00e8s le berceau, lorsque sa m\u00e8re ou sa grand-m\u00e8re fredonnaient des \u00ab&nbsp;nanne&nbsp;\u00bb, de douces berceuses. Dans ces chants les femmes formulaient des v\u0153ux merveilleux, souhaitant aux filles la beaut\u00e9 et un <a href=\"https:\/\/www.mariagesencorse.com\">riche mariage cors<\/a>e, aux gar\u00e7ons le courage, la force et le bonheur. Il y aussi le \u00ab&nbsp;lamentu&nbsp;\u00bb triste complainte, le \u00ab&nbsp;Madrigale&nbsp;\u00bb, polyphonie chant d\u2019amour,&nbsp; la \u00ab&nbsp;paghjella&nbsp;\u00bb, polyphonie profane, etc\u2026.<\/span><\/p>\n<p><span style=\"color: #000000; font-family: Calibri; font-size: medium;\">Compagnons de route des insulaires, les chants sont de fid\u00e8les t\u00e9moins de ce qu\u2019est la culture corse, ils furent et sont encore un extraordinaire moyen d\u2019expression. Langage \u00e0 part enti\u00e8re, les chants corses sont une \u00e9manation de l\u2019\u00e2me de ce peuple.<\/span><\/p>\n<h3>Chansons les plus \u00e9cout\u00e9es sur internet:<\/h3>\n<p><strong><span style=\"color: #008000;\">Sintineddi di Canta u populu corsu<\/span><\/strong><\/p>\n<p style=\"text-align: center;\"><iframe loading=\"lazy\" src=\"\/\/www.dailymotion.com\/video\/k2wQb0OlpShp4qwncb4\" width=\"420\" height=\"315\" frameborder=\"0\" allowfullscreen=\"allowfullscreen\"><\/iframe><\/p>\n<p>&nbsp;&nbsp;<span style=\"color: #008000;\"><strong>D\u00ec di I muvrini (G F Bernardini)<\/strong><\/span><\/p>\n<p style=\"text-align: center;\"><iframe loading=\"lazy\" src=\"\/\/www.youtube.com\/embed\/AfZ0Q7MQlfQ?rel=0\" width=\"420\" height=\"315\" frameborder=\"0\" allowfullscreen=\"allowfullscreen\"><\/iframe><\/p>\n<p style=\"text-align: left;\"><strong><span style=\"color: #008000;\">Corsica &#8211; <a id=\"watch-headline-show-title\" href=\"https:\/\/www.youtube.com\/artist\/petru-guelfucci?feature=watch_video_title\"><span style=\"color: #008000;\">Petru Guelfucci<\/span><\/a><\/span><\/strong><\/p>\n<p style=\"text-align: center;\"><iframe loading=\"lazy\" src=\"\/\/www.youtube.com\/embed\/nVCH8E9n37E?rel=0\" width=\"420\" height=\"315\" frameborder=\"0\" allowfullscreen=\"allowfullscreen\"><\/iframe><\/p>\n<p style=\"text-align: left;\"><strong><span style=\"color: #008000;\">So elli di L&rsquo;arcusgi (L Franceschi \/ L&rsquo;arcusgi)<\/span><\/strong><\/p>\n<p style=\"text-align: center;\"><iframe loading=\"lazy\" src=\"\/\/www.youtube.com\/embed\/GwNNbOKR8Hw?rel=0\" width=\"420\" height=\"315\" frameborder=\"0\" allowfullscreen=\"allowfullscreen\"><\/iframe><\/p>\n<p style=\"text-align: left;\"><strong><span style=\"color: #008000;\">Hymne National Corse: Le \u00ab\u00a0Dio vi salvi Regina\u00a0\u00bb<\/span><\/strong><span style=\"color: #008000;\"> est un chant religieux d\u00e9di\u00e9 \u00e0 la Vierge Marie \u00e0 laquelle il implore la protection pour les chefs de l&rsquo;ind\u00e9pendance contre les ennemis de la Corse.<\/span><\/p>\n<p style=\"text-align: center;\"><iframe loading=\"lazy\" src=\"\/\/www.youtube.com\/embed\/1SLBiyN-lgA?rel=0\" width=\"420\" height=\"315\" frameborder=\"0\" allowfullscreen=\"allowfullscreen\"><\/iframe><\/p>\n<p style=\"text-align: left;\"><span style=\"color: #008000;\"><strong>I MUVRINI _Corsica_avec les 2000 Choristes<\/strong><\/span><\/p>\n<p style=\"text-align: center;\"><iframe loading=\"lazy\" src=\"\/\/www.youtube.com\/embed\/p9EyqNZ8pP8?list=PLA8CC1EC5A686184D\" width=\"560\" height=\"315\" frameborder=\"0\" allowfullscreen=\"allowfullscreen\"><\/iframe><\/p>\n<!-- AddThis Advanced Settings generic via filter on the_content --><!-- AddThis Share Buttons generic via filter on the_content -->","protected":false},"excerpt":{"rendered":"<p>Il y a dans cette \u00eele un amour des mots et des notes, dont l\u2019origine nous \u00e9chappe, mais qui perdure depuis des temps imm\u00e9moriaux. Il y a dans ce peuple une familiarit\u00e9 ancestrale avec la musicalit\u00e9 de la po\u00e9sie, Il &hellip; <a href=\"https:\/\/www.locationencorse.eu\/blog\/chant-corse-vie-en-chanson\/\">Continuer la lecture <span class=\"meta-nav\">&rarr;<\/span><\/a><!-- AddThis Advanced Settings generic via filter on get_the_excerpt --><!-- AddThis Share Buttons generic via filter on get_the_excerpt --><\/p>\n","protected":false},"author":2,"featured_media":0,"parent":0,"menu_order":0,"comment_status":"open","ping_status":"open","template":"","meta":{"_mi_skip_tracking":false,"_monsterinsights_sitenote_active":false,"_monsterinsights_sitenote_note":"","_monsterinsights_sitenote_category":0,"ngg_post_thumbnail":0,"footnotes":""},"yoast_head":"<!-- This site is optimized with the Yoast SEO plugin v21.1 - https:\/\/yoast.com\/wordpress\/plugins\/seo\/ -->\n<title>Le chant Corse : la vie en chanson traditionnelle Corse<\/title>\n<meta name=\"description\" content=\"Le chant Corse : La vie en Corse se passe souvent en chanson qui rythment le quotidien des habitants de l\u2019\u00eele que cela soit les chants religieux ou autres.\" \/>\n<meta name=\"robots\" content=\"index, follow, max-snippet:-1, max-image-preview:large, max-video-preview:-1\" \/>\n<link rel=\"canonical\" href=\"https:\/\/www.locationencorse.eu\/blog\/chant-corse-vie-en-chanson\/\" \/>\n<meta property=\"og:locale\" content=\"fr_FR\" \/>\n<meta property=\"og:type\" content=\"article\" \/>\n<meta property=\"og:title\" content=\"Le chant Corse : la vie en chanson traditionnelle Corse\" \/>\n<meta property=\"og:description\" content=\"Le chant Corse : La vie en Corse se passe souvent en chanson qui rythment le quotidien des habitants de l\u2019\u00eele que cela soit les chants religieux ou autres.\" \/>\n<meta property=\"og:url\" content=\"https:\/\/www.locationencorse.eu\/blog\/chant-corse-vie-en-chanson\/\" \/>\n<meta property=\"og:site_name\" content=\"La Corse\" \/>\n<meta property=\"article:modified_time\" content=\"2021-01-11T20:56:45+00:00\" \/>\n<meta name=\"twitter:label1\" content=\"Dur\u00e9e de lecture estim\u00e9e\" \/>\n\t<meta name=\"twitter:data1\" content=\"1 minute\" \/>\n<script type=\"application\/ld+json\" class=\"yoast-schema-graph\">{\"@context\":\"https:\/\/schema.org\",\"@graph\":[{\"@type\":\"WebPage\",\"@id\":\"https:\/\/www.locationencorse.eu\/blog\/chant-corse-vie-en-chanson\/\",\"url\":\"https:\/\/www.locationencorse.eu\/blog\/chant-corse-vie-en-chanson\/\",\"name\":\"Le chant Corse : la vie en chanson traditionnelle Corse\",\"isPartOf\":{\"@id\":\"https:\/\/www.locationencorse.eu\/blog\/#website\"},\"datePublished\":\"2014-03-28T07:34:15+00:00\",\"dateModified\":\"2021-01-11T20:56:45+00:00\",\"description\":\"Le chant Corse : La vie en Corse se passe souvent en chanson qui rythment le quotidien des habitants de l\u2019\u00eele que cela soit les chants religieux ou autres.\",\"breadcrumb\":{\"@id\":\"https:\/\/www.locationencorse.eu\/blog\/chant-corse-vie-en-chanson\/#breadcrumb\"},\"inLanguage\":\"fr-FR\",\"potentialAction\":[{\"@type\":\"ReadAction\",\"target\":[\"https:\/\/www.locationencorse.eu\/blog\/chant-corse-vie-en-chanson\/\"]}]},{\"@type\":\"BreadcrumbList\",\"@id\":\"https:\/\/www.locationencorse.eu\/blog\/chant-corse-vie-en-chanson\/#breadcrumb\",\"itemListElement\":[{\"@type\":\"ListItem\",\"position\":1,\"name\":\"Accueil\",\"item\":\"https:\/\/www.locationencorse.eu\/blog\/\"},{\"@type\":\"ListItem\",\"position\":2,\"name\":\"Le chant Corse : la vie en chanson\"}]},{\"@type\":\"WebSite\",\"@id\":\"https:\/\/www.locationencorse.eu\/blog\/#website\",\"url\":\"https:\/\/www.locationencorse.eu\/blog\/\",\"name\":\"La Corse\",\"description\":\"Vacances en Corse sur \u00cele de beaut\u00e9\",\"potentialAction\":[{\"@type\":\"SearchAction\",\"target\":{\"@type\":\"EntryPoint\",\"urlTemplate\":\"https:\/\/www.locationencorse.eu\/blog\/?s={search_term_string}\"},\"query-input\":\"required name=search_term_string\"}],\"inLanguage\":\"fr-FR\"}]}<\/script>\n<!-- \/ Yoast SEO plugin. -->","yoast_head_json":{"title":"Le chant Corse : la vie en chanson traditionnelle Corse","description":"Le chant Corse : La vie en Corse se passe souvent en chanson qui rythment le quotidien des habitants de l\u2019\u00eele que cela soit les chants religieux ou autres.","robots":{"index":"index","follow":"follow","max-snippet":"max-snippet:-1","max-image-preview":"max-image-preview:large","max-video-preview":"max-video-preview:-1"},"canonical":"https:\/\/www.locationencorse.eu\/blog\/chant-corse-vie-en-chanson\/","og_locale":"fr_FR","og_type":"article","og_title":"Le chant Corse : la vie en chanson traditionnelle Corse","og_description":"Le chant Corse : La vie en Corse se passe souvent en chanson qui rythment le quotidien des habitants de l\u2019\u00eele que cela soit les chants religieux ou autres.","og_url":"https:\/\/www.locationencorse.eu\/blog\/chant-corse-vie-en-chanson\/","og_site_name":"La Corse","article_modified_time":"2021-01-11T20:56:45+00:00","twitter_misc":{"Dur\u00e9e de lecture estim\u00e9e":"1 minute"},"schema":{"@context":"https:\/\/schema.org","@graph":[{"@type":"WebPage","@id":"https:\/\/www.locationencorse.eu\/blog\/chant-corse-vie-en-chanson\/","url":"https:\/\/www.locationencorse.eu\/blog\/chant-corse-vie-en-chanson\/","name":"Le chant Corse : la vie en chanson traditionnelle Corse","isPartOf":{"@id":"https:\/\/www.locationencorse.eu\/blog\/#website"},"datePublished":"2014-03-28T07:34:15+00:00","dateModified":"2021-01-11T20:56:45+00:00","description":"Le chant Corse : La vie en Corse se passe souvent en chanson qui rythment le quotidien des habitants de l\u2019\u00eele que cela soit les chants religieux ou autres.","breadcrumb":{"@id":"https:\/\/www.locationencorse.eu\/blog\/chant-corse-vie-en-chanson\/#breadcrumb"},"inLanguage":"fr-FR","potentialAction":[{"@type":"ReadAction","target":["https:\/\/www.locationencorse.eu\/blog\/chant-corse-vie-en-chanson\/"]}]},{"@type":"BreadcrumbList","@id":"https:\/\/www.locationencorse.eu\/blog\/chant-corse-vie-en-chanson\/#breadcrumb","itemListElement":[{"@type":"ListItem","position":1,"name":"Accueil","item":"https:\/\/www.locationencorse.eu\/blog\/"},{"@type":"ListItem","position":2,"name":"Le chant Corse : la vie en chanson"}]},{"@type":"WebSite","@id":"https:\/\/www.locationencorse.eu\/blog\/#website","url":"https:\/\/www.locationencorse.eu\/blog\/","name":"La Corse","description":"Vacances en Corse sur \u00cele de beaut\u00e9","potentialAction":[{"@type":"SearchAction","target":{"@type":"EntryPoint","urlTemplate":"https:\/\/www.locationencorse.eu\/blog\/?s={search_term_string}"},"query-input":"required name=search_term_string"}],"inLanguage":"fr-FR"}]}},"_links":{"self":[{"href":"https:\/\/www.locationencorse.eu\/blog\/wp-json\/wp\/v2\/pages\/3354"}],"collection":[{"href":"https:\/\/www.locationencorse.eu\/blog\/wp-json\/wp\/v2\/pages"}],"about":[{"href":"https:\/\/www.locationencorse.eu\/blog\/wp-json\/wp\/v2\/types\/page"}],"author":[{"embeddable":true,"href":"https:\/\/www.locationencorse.eu\/blog\/wp-json\/wp\/v2\/users\/2"}],"replies":[{"embeddable":true,"href":"https:\/\/www.locationencorse.eu\/blog\/wp-json\/wp\/v2\/comments?post=3354"}],"version-history":[{"count":19,"href":"https:\/\/www.locationencorse.eu\/blog\/wp-json\/wp\/v2\/pages\/3354\/revisions"}],"predecessor-version":[{"id":7819,"href":"https:\/\/www.locationencorse.eu\/blog\/wp-json\/wp\/v2\/pages\/3354\/revisions\/7819"}],"wp:attachment":[{"href":"https:\/\/www.locationencorse.eu\/blog\/wp-json\/wp\/v2\/media?parent=3354"}],"curies":[{"name":"wp","href":"https:\/\/api.w.org\/{rel}","templated":true}]}}

<p><span style="color: #000000; font-family: Calibri; font-size: medium;">Il y a dans cette île un amour des mots et des notes, dont l’origine nous échappe, mais qui perdure depuis des temps immémoriaux. Il y a dans ce peuple une familiarité ancestrale avec la musicalité de la poésie, Il y a un gout pour les choses bien dites. Les Corses ont développé un étonnant sens du rythme, que la musique est, ensuite venue porter tout naturellement, le chant Corse.</span></p>
<p><span style="color: #000000; font-family: Calibri; font-size: medium;">Il faut dire que l‘éducation poétique commençait dès le berceau, lorsque sa mère ou sa grand-mère fredonnaient des «&nbsp;nanne&nbsp;», de douces berceuses. Dans ces chants les femmes formulaient des vœux merveilleux, souhaitant aux filles la beauté et un <a href="https://www.mariagesencorse.com">riche mariage cors</a>e, aux garçons le courage, la force et le bonheur. Il y aussi le «&nbsp;lamentu&nbsp;» triste complainte, le «&nbsp;Madrigale&nbsp;», polyphonie chant d’amour,&nbsp; la «&nbsp;paghjella&nbsp;», polyphonie profane, etc….</span></p>
<p><span style="color: #000000; font-family: Calibri; font-size: medium;">Compagnons de route des insulaires, les chants sont de fidèles témoins de ce qu’est la culture corse, ils furent et sont encore un extraordinaire moyen d’expression. Langage à part entière, les chants corses sont une émanation de l’âme de ce peuple.</span></p>
<h3>Chansons les plus écoutées sur internet:</h3>
<p><strong><span style="color: #008000;">Sintineddi di Canta u populu corsu</span></strong></p>
<p style="text-align: center;"><iframe loading="lazy" src="//www.dailymotion.com/video/k2wQb0OlpShp4qwncb4" width="420" height="315" frameborder="0" allowfullscreen="allowfullscreen"></iframe></p>
<p>&nbsp;&nbsp;<span style="color: #008000;"><strong>Dì di I muvrini (G F Bernardini)</strong></span></p>
<p style="text-align: center;"><iframe loading="lazy" src="//www.youtube.com/embed/AfZ0Q7MQlfQ?rel=0" width="420" height="315" frameborder="0" allowfullscreen="allowfullscreen"></iframe></p>
<p style="text-align: left;"><strong><span style="color: #008000;">Corsica &#8211; <a id="watch-headline-show-title" href="https://www.youtube.com/artist/petru-guelfucci?feature=watch_video_title"><span style="color: #008000;">Petru Guelfucci</span></a></span></strong></p>
<p style="text-align: center;"><iframe loading="lazy" src="//www.youtube.com/embed/nVCH8E9n37E?rel=0" width="420" height="315" frameborder="0" allowfullscreen="allowfullscreen"></iframe></p>
<p style="text-align: left;"><strong><span style="color: #008000;">So elli di L&rsquo;arcusgi (L Franceschi / L&rsquo;arcusgi)</span></strong></p>
<p style="text-align: center;"><iframe loading="lazy" src="//www.youtube.com/embed/GwNNbOKR8Hw?rel=0" width="420" height="315" frameborder="0" allowfullscreen="allowfullscreen"></iframe></p>
<p style="text-align: left;"><strong><span style="color: #008000;">Hymne National Corse: Le « Dio vi salvi Regina »</span></strong><span style="color: #008000;"> est un chant religieux dédié à la Vierge Marie à laquelle il implore la protection pour les chefs de l&rsquo;indépendance contre les ennemis de la Corse.</span></p>
<p style="text-align: center;"><iframe loading="lazy" src="//www.youtube.com/embed/1SLBiyN-lgA?rel=0" width="420" height="315" frameborder="0" allowfullscreen="allowfullscreen"></iframe></p>
<p style="text-align: left;"><span style="color: #008000;"><strong>I MUVRINI _Corsica_avec les 2000 Choristes</strong></span></p>
<p style="text-align: center;"><iframe loading="lazy" src="//www.youtube.com/embed/p9EyqNZ8pP8?list=PLA8CC1EC5A686184D" width="560" height="315" frameborder="0" allowfullscreen="allowfullscreen"></iframe></p>
<!-- AddThis Advanced Settings generic via filter on the_content --><!-- AddThis Share Buttons generic via filter on the_content -->

<p>Il y a dans cette île un amour des mots et des notes, dont l’origine nous échappe, mais qui perdure depuis des temps immémoriaux. Il y a dans ce peuple une familiarité ancestrale avec la musicalité de la poésie, Il &hellip; <a href="https://www.locationencorse.eu/blog/chant-corse-vie-en-chanson/">Continuer la lecture <span class="meta-nav">&rarr;</span></a><!-- AddThis Advanced Settings generic via filter on get_the_excerpt --><!-- AddThis Share Buttons generic via filter on get_the_excerpt --></p>

<!-- This site is optimized with the Yoast SEO plugin v21.1 - https://yoast.com/wordpress/plugins/seo/ -->
<title>Le chant Corse : la vie en chanson traditionnelle Corse</title>
<meta name="description" content="Le chant Corse : La vie en Corse se passe souvent en chanson qui rythment le quotidien des habitants de l’île que cela soit les chants religieux ou autres." />
<meta name="robots" content="index, follow, max-snippet:-1, max-image-preview:large, max-video-preview:-1" />
<link rel="canonical" href="https://www.locationencorse.eu/blog/chant-corse-vie-en-chanson/" />
<meta property="og:locale" content="fr_FR" />
<meta property="og:type" content="article" />
<meta property="og:title" content="Le chant Corse : la vie en chanson traditionnelle Corse" />
<meta property="og:description" content="Le chant Corse : La vie en Corse se passe souvent en chanson qui rythment le quotidien des habitants de l’île que cela soit les chants religieux ou autres." />
<meta property="og:url" content="https://www.locationencorse.eu/blog/chant-corse-vie-en-chanson/" />
<meta property="og:site_name" content="La Corse" />
<meta property="article:modified_time" content="2021-01-11T20:56:45+00:00" />
<meta name="twitter:label1" content="Durée de lecture estimée" />
	<meta name="twitter:data1" content="1 minute" />
<script type="application/ld+json" class="yoast-schema-graph">{"@context":"https://schema.org","@graph":[{"@type":"WebPage","@id":"https://www.locationencorse.eu/blog/chant-corse-vie-en-chanson/","url":"https://www.locationencorse.eu/blog/chant-corse-vie-en-chanson/","name":"Le chant Corse : la vie en chanson traditionnelle Corse","isPartOf":{"@id":"https://www.locationencorse.eu/blog/#website"},"datePublished":"2014-03-28T07:34:15+00:00","dateModified":"2021-01-11T20:56:45+00:00","description":"Le chant Corse : La vie en Corse se passe souvent en chanson qui rythment le quotidien des habitants de l’île que cela soit les chants religieux ou autres.","breadcrumb":{"@id":"https://www.locationencorse.eu/blog/chant-corse-vie-en-chanson/#breadcrumb"},"inLanguage":"fr-FR","potentialAction":[{"@type":"ReadAction","target":["https://www.locationencorse.eu/blog/chant-corse-vie-en-chanson/"]}]},{"@type":"BreadcrumbList","@id":"https://www.locationencorse.eu/blog/chant-corse-vie-en-chanson/#breadcrumb","itemListElement":[{"@type":"ListItem","position":1,"name":"Accueil","item":"https://www.locationencorse.eu/blog/"},{"@type":"ListItem","position":2,"name":"Le chant Corse : la vie en chanson"}]},{"@type":"WebSite","@id":"https://www.locationencorse.eu/blog/#website","url":"https://www.locationencorse.eu/blog/","name":"La Corse","description":"Vacances en Corse sur Île de beauté","potentialAction":[{"@type":"SearchAction","target":{"@type":"EntryPoint","urlTemplate":"https://www.locationencorse.eu/blog/?s={search_term_string}"},"query-input":"required name=search_term_string"}],"inLanguage":"fr-FR"}]}</script>
<!-- / Yoast SEO plugin. -->

Le chant Corse : La vie en Corse se passe souvent en chanson qui rythment le quotidien des habitants de l’île que cela soit les chants religieux ou autres.

Vacances en Corse sur Île de beauté
