{"id":2433,"date":"2014-03-07T20:09:13","date_gmt":"2014-03-07T19:09:13","guid":{"rendered":"http:\/\/www.locationencorse.eu\/blog\/?page_id=2433"},"modified":"2016-11-18T18:41:45","modified_gmt":"2016-11-18T17:41:45","slug":"religion-et-mysticisme","status":"publish","type":"page","link":"https:\/\/www.locationencorse.eu\/blog\/religion-et-mysticisme\/","title":{"rendered":"Religion et Mysticisme"},"content":{"rendered":"<p><strong><span style=\"color: rgb(255, 102, 0);\">Religion en Corse: <\/span><\/strong><span style=\"color: rgb(0, 51, 0);\">Cette impr\u00e9gnation religieuse de la vie quotidienne se remarque aussi dans les gestes les plus simples. La Corse est chr\u00e9tienne et v\u00e9n\u00e8re de nombreux saints.<\/span><\/p>\n<ul>\n<li><a title=\"La d\u00e9votion Mariale en Corse\" href=\"http:\/\/www.locationencorse.eu\/blog\/la-devotion-mariale-en-corse\/\">La d\u00e9votion Mariale en Corse<\/a><\/li>\n<li><a title=\"F\u00eate religieuse du Vendredi Saint \u00e0 Sart\u00e8ne\" href=\"http:\/\/www.locationencorse.eu\/blog\/fete-religieuse-du-vendredi-saint-a-sartene\/\">Les f\u00eates religieuses en Corse<\/a><\/li>\n<li><a title=\"La toussaint en Corse\" href=\"http:\/\/www.locationencorse.eu\/blog\/la-toussaint-en-corse\/\">La toussaint en Corse<\/a><\/li>\n<li><a title=\"F\u00eate religieuse du Vendredi Saint \u00e0 Sart\u00e8ne\" href=\"http:\/\/www.locationencorse.eu\/blog\/fete-religieuse-du-vendredi-saint-a-sartene\/\">F\u00eate religieuse du Vendredi Saint \u00e0 Sart\u00e8ne<\/a><\/li>\n<li><a title=\"Pancheraccia : un \u00ab Lourde en Corse \u00bb.\" href=\"http:\/\/www.locationencorse.eu\/blog\/pancheraccia-un-lourde-en-corse\/\">Pancheraccia : un \u00ab\u00a0Lourde en Corse\u00a0\u00bb<\/a><\/li>\n<li><a title=\"La derni\u00e8re demeure vaut une r\u00e9sidence secondaire.\" href=\"http:\/\/www.locationencorse.eu\/blog\/la-derniere-demeure-vaut-une-residence-secondaire\/\">La derni\u00e8re demeure vaut une r\u00e9sidence secondaire<\/a><\/li>\n<li><a title=\"Les crucette (pr\u00e9paration de P\u00e2ques)\" href=\"http:\/\/www.locationencorse.eu\/blog\/les-crucette-preparation-de-paques\/\">Les crucette<\/a>&nbsp;(pr\u00e9paration de P\u00e2ques)<\/li>\n<li><a title=\"Le miracle d\u2019Oletta\" href=\"http:\/\/www.locationencorse.eu\/blog\/miracle-doletta\/\">Le miracle d\u2019Oletta<\/a><\/li>\n<li><a title=\"Les confr\u00e9ries en Corse\" href=\"http:\/\/www.locationencorse.eu\/blog\/les-confreries-en-corse\/\">Les confr\u00e9ries en corse<\/a><\/li>\n<\/ul>\n<p>&nbsp;<\/p>\n<p><span style=\"color: rgb(255, 102, 0);\"><strong>Mysticisme en Corse : <\/strong><span style=\"color: rgb(0, 51, 0);\">Lieu de mythes et de l\u00e9gendes, elle est g\u00e9ographiquement, \u00e0 la fois isol\u00e9e et au centre de la M\u00e9diterran\u00e9e. Le Corse porte en lui d\u2019anciennes croyances venues de la profondeur du temps que la religion chr\u00e9tienne n\u2019a pas r\u00e9ussit \u00e0 effacer et qu\u2019elle a du int\u00e9grer.<\/span><\/span><\/p>\n<ul>\n<li><a title=\"Le mauvais \u0153il\" href=\"http:\/\/www.locationencorse.eu\/blog\/le-mauvais-oeil\/\">Le mauvais \u0153il<\/a><\/li>\n<li><a title=\"Le corail est un talisman en Corse\" href=\"http:\/\/www.locationencorse.eu\/blog\/corail-talisman-en-corse\/\">Le corail: est un talisman<\/a><\/li>\n<li><a title=\"Le maquis corse pour les Mazzeri (les sorciers)\" href=\"http:\/\/www.locationencorse.eu\/blog\/maquis-corse-les-mazzeri-les-sorciers\/\">Le maquis corse pour les Mazzeri (les sorciers)<\/a><\/li>\n<\/ul>\n<p>&nbsp;<\/p>\n<!-- AddThis Advanced Settings generic via filter on the_content --><!-- AddThis Share Buttons generic via filter on the_content -->","protected":false},"excerpt":{"rendered":"<p>Religion en Corse: Cette impr\u00e9gnation religieuse de la vie quotidienne se remarque aussi dans les gestes les plus simples. La Corse est chr\u00e9tienne et v\u00e9n\u00e8re de nombreux saints. La d\u00e9votion Mariale en Corse Les f\u00eates religieuses en Corse La toussaint &hellip; <a href=\"https:\/\/www.locationencorse.eu\/blog\/religion-et-mysticisme\/\">Continuer la lecture <span class=\"meta-nav\">&rarr;<\/span><\/a><!-- AddThis Advanced Settings generic via filter on get_the_excerpt --><!-- AddThis Share Buttons generic via filter on get_the_excerpt --><\/p>\n","protected":false},"author":2,"featured_media":0,"parent":0,"menu_order":0,"comment_status":"open","ping_status":"open","template":"","meta":{"_mi_skip_tracking":false,"_monsterinsights_sitenote_active":false,"_monsterinsights_sitenote_note":"","_monsterinsights_sitenote_category":0,"ngg_post_thumbnail":0,"footnotes":""},"yoast_head":"<!-- This site is optimized with the Yoast SEO plugin v21.1 - https:\/\/yoast.com\/wordpress\/plugins\/seo\/ -->\n<title>Religion et Mysticisme - La Corse<\/title>\n<meta name=\"robots\" content=\"index, follow, max-snippet:-1, max-image-preview:large, max-video-preview:-1\" \/>\n<link rel=\"canonical\" href=\"https:\/\/www.locationencorse.eu\/blog\/religion-et-mysticisme\/\" \/>\n<meta property=\"og:locale\" content=\"fr_FR\" \/>\n<meta property=\"og:type\" content=\"article\" \/>\n<meta property=\"og:title\" content=\"Religion et Mysticisme - La Corse\" \/>\n<meta property=\"og:description\" content=\"Religion en Corse: Cette impr\u00e9gnation religieuse de la vie quotidienne se remarque aussi dans les gestes les plus simples. La Corse est chr\u00e9tienne et v\u00e9n\u00e8re de nombreux saints. La d\u00e9votion Mariale en Corse Les f\u00eates religieuses en Corse La toussaint &hellip; Continuer la lecture &rarr;\" \/>\n<meta property=\"og:url\" content=\"https:\/\/www.locationencorse.eu\/blog\/religion-et-mysticisme\/\" \/>\n<meta property=\"og:site_name\" content=\"La Corse\" \/>\n<meta property=\"article:modified_time\" content=\"2016-11-18T17:41:45+00:00\" \/>\n<meta name=\"twitter:label1\" content=\"Dur\u00e9e de lecture estim\u00e9e\" \/>\n\t<meta name=\"twitter:data1\" content=\"1 minute\" \/>\n<script type=\"application\/ld+json\" class=\"yoast-schema-graph\">{\"@context\":\"https:\/\/schema.org\",\"@graph\":[{\"@type\":\"WebPage\",\"@id\":\"https:\/\/www.locationencorse.eu\/blog\/religion-et-mysticisme\/\",\"url\":\"https:\/\/www.locationencorse.eu\/blog\/religion-et-mysticisme\/\",\"name\":\"Religion et Mysticisme - La Corse\",\"isPartOf\":{\"@id\":\"https:\/\/www.locationencorse.eu\/blog\/#website\"},\"datePublished\":\"2014-03-07T19:09:13+00:00\",\"dateModified\":\"2016-11-18T17:41:45+00:00\",\"breadcrumb\":{\"@id\":\"https:\/\/www.locationencorse.eu\/blog\/religion-et-mysticisme\/#breadcrumb\"},\"inLanguage\":\"fr-FR\",\"potentialAction\":[{\"@type\":\"ReadAction\",\"target\":[\"https:\/\/www.locationencorse.eu\/blog\/religion-et-mysticisme\/\"]}]},{\"@type\":\"BreadcrumbList\",\"@id\":\"https:\/\/www.locationencorse.eu\/blog\/religion-et-mysticisme\/#breadcrumb\",\"itemListElement\":[{\"@type\":\"ListItem\",\"position\":1,\"name\":\"Accueil\",\"item\":\"https:\/\/www.locationencorse.eu\/blog\/\"},{\"@type\":\"ListItem\",\"position\":2,\"name\":\"Religion et Mysticisme\"}]},{\"@type\":\"WebSite\",\"@id\":\"https:\/\/www.locationencorse.eu\/blog\/#website\",\"url\":\"https:\/\/www.locationencorse.eu\/blog\/\",\"name\":\"La Corse\",\"description\":\"Vacances en Corse sur \u00cele de beaut\u00e9\",\"potentialAction\":[{\"@type\":\"SearchAction\",\"target\":{\"@type\":\"EntryPoint\",\"urlTemplate\":\"https:\/\/www.locationencorse.eu\/blog\/?s={search_term_string}\"},\"query-input\":\"required name=search_term_string\"}],\"inLanguage\":\"fr-FR\"}]}<\/script>\n<!-- \/ Yoast SEO plugin. -->","yoast_head_json":{"title":"Religion et Mysticisme - La Corse","robots":{"index":"index","follow":"follow","max-snippet":"max-snippet:-1","max-image-preview":"max-image-preview:large","max-video-preview":"max-video-preview:-1"},"canonical":"https:\/\/www.locationencorse.eu\/blog\/religion-et-mysticisme\/","og_locale":"fr_FR","og_type":"article","og_title":"Religion et Mysticisme - La Corse","og_description":"Religion en Corse: Cette impr\u00e9gnation religieuse de la vie quotidienne se remarque aussi dans les gestes les plus simples. La Corse est chr\u00e9tienne et v\u00e9n\u00e8re de nombreux saints. La d\u00e9votion Mariale en Corse Les f\u00eates religieuses en Corse La toussaint &hellip; Continuer la lecture &rarr;","og_url":"https:\/\/www.locationencorse.eu\/blog\/religion-et-mysticisme\/","og_site_name":"La Corse","article_modified_time":"2016-11-18T17:41:45+00:00","twitter_misc":{"Dur\u00e9e de lecture estim\u00e9e":"1 minute"},"schema":{"@context":"https:\/\/schema.org","@graph":[{"@type":"WebPage","@id":"https:\/\/www.locationencorse.eu\/blog\/religion-et-mysticisme\/","url":"https:\/\/www.locationencorse.eu\/blog\/religion-et-mysticisme\/","name":"Religion et Mysticisme - La Corse","isPartOf":{"@id":"https:\/\/www.locationencorse.eu\/blog\/#website"},"datePublished":"2014-03-07T19:09:13+00:00","dateModified":"2016-11-18T17:41:45+00:00","breadcrumb":{"@id":"https:\/\/www.locationencorse.eu\/blog\/religion-et-mysticisme\/#breadcrumb"},"inLanguage":"fr-FR","potentialAction":[{"@type":"ReadAction","target":["https:\/\/www.locationencorse.eu\/blog\/religion-et-mysticisme\/"]}]},{"@type":"BreadcrumbList","@id":"https:\/\/www.locationencorse.eu\/blog\/religion-et-mysticisme\/#breadcrumb","itemListElement":[{"@type":"ListItem","position":1,"name":"Accueil","item":"https:\/\/www.locationencorse.eu\/blog\/"},{"@type":"ListItem","position":2,"name":"Religion et Mysticisme"}]},{"@type":"WebSite","@id":"https:\/\/www.locationencorse.eu\/blog\/#website","url":"https:\/\/www.locationencorse.eu\/blog\/","name":"La Corse","description":"Vacances en Corse sur \u00cele de beaut\u00e9","potentialAction":[{"@type":"SearchAction","target":{"@type":"EntryPoint","urlTemplate":"https:\/\/www.locationencorse.eu\/blog\/?s={search_term_string}"},"query-input":"required name=search_term_string"}],"inLanguage":"fr-FR"}]}},"_links":{"self":[{"href":"https:\/\/www.locationencorse.eu\/blog\/wp-json\/wp\/v2\/pages\/2433"}],"collection":[{"href":"https:\/\/www.locationencorse.eu\/blog\/wp-json\/wp\/v2\/pages"}],"about":[{"href":"https:\/\/www.locationencorse.eu\/blog\/wp-json\/wp\/v2\/types\/page"}],"author":[{"embeddable":true,"href":"https:\/\/www.locationencorse.eu\/blog\/wp-json\/wp\/v2\/users\/2"}],"replies":[{"embeddable":true,"href":"https:\/\/www.locationencorse.eu\/blog\/wp-json\/wp\/v2\/comments?post=2433"}],"version-history":[{"count":13,"href":"https:\/\/www.locationencorse.eu\/blog\/wp-json\/wp\/v2\/pages\/2433\/revisions"}],"predecessor-version":[{"id":6905,"href":"https:\/\/www.locationencorse.eu\/blog\/wp-json\/wp\/v2\/pages\/2433\/revisions\/6905"}],"wp:attachment":[{"href":"https:\/\/www.locationencorse.eu\/blog\/wp-json\/wp\/v2\/media?parent=2433"}],"curies":[{"name":"wp","href":"https:\/\/api.w.org\/{rel}","templated":true}]}}